{"id":1931,"date":"2016-08-18T21:10:34","date_gmt":"2016-08-18T19:10:34","guid":{"rendered":"http:\/\/www.jazzminonline.de\/?page_id=1931"},"modified":"2022-10-17T18:03:25","modified_gmt":"2022-10-17T16:03:25","slug":"impressum","status":"publish","type":"page","link":"https:\/\/www.jazzminonline.de\/en\/impressum\/","title":{"rendered":"Imprint"},"content":{"rendered":"<p>Responsible nach TMG und nach \u00a7 55 Abs. 2 RStV:<\/p>\n<p>Jasmin Bayer<br \/>\nNymphenburger Str. 160<br \/>\n80634 M\u00fcnchen<\/p>\n<p>E-Mail: <a href=\"mailto:jazz@jazzminonline.de\">jazz@jazzminonline.de<\/a><\/p>\n<p>Haftungshinweis:<br \/>\nDie Inhalte dieser Website sind urheberrechtlich gesch\u00fctzt. Jede Nutzung ist nur nach schriftlicher Absprache gestattet. Trotz sorgf\u00e4ltiger inhaltlicher Kontrolle \u00fcbernehme ich keine Haftung f\u00fcr die Inhalte externer Links. F\u00fcr den Inhalt der verlinkten Seiten sind ausschlie\u00dflich deren Betreiber verantwortlich. Rechtswidrige Inhalte waren zum Zeitpunkt der Verlinkung nicht erkennbar. Bei Kenntnis von Rechtsverst\u00f6\u00dfen werden derartige Inhalte umgehend entfernt.<\/p>","protected":false},"excerpt":{"rendered":"<p>Responsible nach TMG und nach \u00a7 55 Abs. 2 RStV: Jasmin Bayer Nymphenburger Str. 160 80634 M\u00fcnchen E-Mail: jazz@jazzminonline.de Haftungshinweis: &hellip; <a href=\"https:\/\/www.jazzminonline.de\/en\/impressum\/\" class=\"more-link\">Continue reading <span class=\"screen-reader-text\">Imprint<\/span><\/a><\/p>\n","protected":false},"author":4,"featured_media":0,"parent":0,"menu_order":0,"comment_status":"closed","ping_status":"closed","template":"","meta":{"footnotes":""},"class_list":["post-1931","page","type-page","status-publish","hentry"],"yoast_head":"<!-- This site is optimized with the Yoast SEO plugin v27.5 - https:\/\/yoast.com\/product\/yoast-seo-wordpress\/ -->\n<title>Jasmin Bayer - Jazz - Impressum<\/title>\n<meta name=\"description\" content=\"Jasmin Bayer: Die Jazz-S\u00e4ngerin, Komponistin und Sontexterin aus M\u00fcnchen zelebriert Straight Ahead Jazz at its best. Das Impressum der Site finden Sie hier.\" \/>\n<meta name=\"robots\" content=\"index, follow, max-snippet:-1, max-image-preview:large, max-video-preview:-1\" \/>\n<link rel=\"canonical\" href=\"https:\/\/www.jazzminonline.de\/impressum\/\" \/>\n<meta property=\"og:locale\" content=\"en_US\" \/>\n<meta property=\"og:type\" content=\"article\" \/>\n<meta property=\"og:title\" content=\"Jasmin Bayer - Jazz - Impressum\" \/>\n<meta property=\"og:description\" content=\"Jasmin Bayer: Die Jazz-S\u00e4ngerin, Komponistin und Sontexterin aus M\u00fcnchen zelebriert Straight Ahead Jazz at its best. Das Impressum der Site finden Sie hier.\" \/>\n<meta property=\"og:url\" content=\"https:\/\/www.jazzminonline.de\/impressum\/\" \/>\n<meta property=\"og:site_name\" content=\"Jasmin Bayer\" \/>\n<meta property=\"article:modified_time\" content=\"2022-10-17T16:03:25+00:00\" \/>\n<meta name=\"twitter:card\" content=\"summary_large_image\" \/>\n<meta name=\"twitter:label1\" content=\"Est. reading time\" \/>\n\t<meta name=\"twitter:data1\" content=\"9 minutes\" \/>\n<script type=\"application\/ld+json\" class=\"yoast-schema-graph\">{\"@context\":\"https:\\\/\\\/schema.org\",\"@graph\":[{\"@type\":\"WebPage\",\"@id\":\"https:\\\/\\\/www.jazzminonline.de\\\/impressum\\\/\",\"url\":\"https:\\\/\\\/www.jazzminonline.de\\\/impressum\\\/\",\"name\":\"Jasmin Bayer - Jazz - Impressum\",\"isPartOf\":{\"@id\":\"https:\\\/\\\/www.jazzminonline.de\\\/en\\\/#website\"},\"datePublished\":\"2016-08-18T19:10:34+00:00\",\"dateModified\":\"2022-10-17T16:03:25+00:00\",\"description\":\"Jasmin Bayer: Die Jazz-S\u00e4ngerin, Komponistin und Sontexterin aus M\u00fcnchen zelebriert Straight Ahead Jazz at its best. Das Impressum der Site finden Sie hier.\",\"breadcrumb\":{\"@id\":\"https:\\\/\\\/www.jazzminonline.de\\\/impressum\\\/#breadcrumb\"},\"inLanguage\":\"en-US\",\"potentialAction\":[{\"@type\":\"ReadAction\",\"target\":[\"https:\\\/\\\/www.jazzminonline.de\\\/impressum\\\/\"]}]},{\"@type\":\"BreadcrumbList\",\"@id\":\"https:\\\/\\\/www.jazzminonline.de\\\/impressum\\\/#breadcrumb\",\"itemListElement\":[{\"@type\":\"ListItem\",\"position\":1,\"name\":\"Startseite\",\"item\":\"https:\\\/\\\/www.jazzminonline.de\\\/en\\\/\"},{\"@type\":\"ListItem\",\"position\":2,\"name\":\"Impressum\"}]},{\"@type\":\"WebSite\",\"@id\":\"https:\\\/\\\/www.jazzminonline.de\\\/en\\\/#website\",\"url\":\"https:\\\/\\\/www.jazzminonline.de\\\/en\\\/\",\"name\":\"Jasmin Bayer\",\"description\":\"\",\"potentialAction\":[{\"@type\":\"SearchAction\",\"target\":{\"@type\":\"EntryPoint\",\"urlTemplate\":\"https:\\\/\\\/www.jazzminonline.de\\\/en\\\/?s={search_term_string}\"},\"query-input\":{\"@type\":\"PropertyValueSpecification\",\"valueRequired\":true,\"valueName\":\"search_term_string\"}}],\"inLanguage\":\"en-US\"}]}<\/script>\n<!-- \/ Yoast SEO plugin. -->","yoast_head_json":{"title":"Jasmin Bayer - Jazz - Impressum","description":"Jasmin Bayer: Die Jazz-S\u00e4ngerin, Komponistin und Sontexterin aus M\u00fcnchen zelebriert Straight Ahead Jazz at its best. Das Impressum der Site finden Sie hier.","robots":{"index":"index","follow":"follow","max-snippet":"max-snippet:-1","max-image-preview":"max-image-preview:large","max-video-preview":"max-video-preview:-1"},"canonical":"https:\/\/www.jazzminonline.de\/impressum\/","og_locale":"en_US","og_type":"article","og_title":"Jasmin Bayer - Jazz - Impressum","og_description":"Jasmin Bayer: Die Jazz-S\u00e4ngerin, Komponistin und Sontexterin aus M\u00fcnchen zelebriert Straight Ahead Jazz at its best. Das Impressum der Site finden Sie hier.","og_url":"https:\/\/www.jazzminonline.de\/impressum\/","og_site_name":"Jasmin Bayer","article_modified_time":"2022-10-17T16:03:25+00:00","twitter_card":"summary_large_image","twitter_misc":{"Est. reading time":"9 minutes"},"schema":{"@context":"https:\/\/schema.org","@graph":[{"@type":"WebPage","@id":"https:\/\/www.jazzminonline.de\/impressum\/","url":"https:\/\/www.jazzminonline.de\/impressum\/","name":"Jasmin Bayer - Jazz - Impressum","isPartOf":{"@id":"https:\/\/www.jazzminonline.de\/en\/#website"},"datePublished":"2016-08-18T19:10:34+00:00","dateModified":"2022-10-17T16:03:25+00:00","description":"Jasmin Bayer: Die Jazz-S\u00e4ngerin, Komponistin und Sontexterin aus M\u00fcnchen zelebriert Straight Ahead Jazz at its best. Das Impressum der Site finden Sie hier.","breadcrumb":{"@id":"https:\/\/www.jazzminonline.de\/impressum\/#breadcrumb"},"inLanguage":"en-US","potentialAction":[{"@type":"ReadAction","target":["https:\/\/www.jazzminonline.de\/impressum\/"]}]},{"@type":"BreadcrumbList","@id":"https:\/\/www.jazzminonline.de\/impressum\/#breadcrumb","itemListElement":[{"@type":"ListItem","position":1,"name":"Startseite","item":"https:\/\/www.jazzminonline.de\/en\/"},{"@type":"ListItem","position":2,"name":"Impressum"}]},{"@type":"WebSite","@id":"https:\/\/www.jazzminonline.de\/en\/#website","url":"https:\/\/www.jazzminonline.de\/en\/","name":"Jasmin Bayer","description":"","potentialAction":[{"@type":"SearchAction","target":{"@type":"EntryPoint","urlTemplate":"https:\/\/www.jazzminonline.de\/en\/?s={search_term_string}"},"query-input":{"@type":"PropertyValueSpecification","valueRequired":true,"valueName":"search_term_string"}}],"inLanguage":"en-US"}]}},"jetpack_sharing_enabled":true,"_links":{"self":[{"href":"https:\/\/www.jazzminonline.de\/en\/wp-json\/wp\/v2\/pages\/1931","targetHints":{"allow":["GET"]}}],"collection":[{"href":"https:\/\/www.jazzminonline.de\/en\/wp-json\/wp\/v2\/pages"}],"about":[{"href":"https:\/\/www.jazzminonline.de\/en\/wp-json\/wp\/v2\/types\/page"}],"author":[{"embeddable":true,"href":"https:\/\/www.jazzminonline.de\/en\/wp-json\/wp\/v2\/users\/4"}],"replies":[{"embeddable":true,"href":"https:\/\/www.jazzminonline.de\/en\/wp-json\/wp\/v2\/comments?post=1931"}],"version-history":[{"count":14,"href":"https:\/\/www.jazzminonline.de\/en\/wp-json\/wp\/v2\/pages\/1931\/revisions"}],"predecessor-version":[{"id":4298,"href":"https:\/\/www.jazzminonline.de\/en\/wp-json\/wp\/v2\/pages\/1931\/revisions\/4298"}],"wp:attachment":[{"href":"https:\/\/www.jazzminonline.de\/en\/wp-json\/wp\/v2\/media?parent=1931"}],"curies":[{"name":"wp","href":"https:\/\/api.w.org\/{rel}","templated":true}]}}

<p>Responsible nach TMG und nach § 55 Abs. 2 RStV:</p>
<p>Jasmin Bayer<br />
Nymphenburger Str. 160<br />
80634 München</p>
<p>E-Mail: <a href="mailto:jazz@jazzminonline.de">jazz@jazzminonline.de</a></p>
<p>Haftungshinweis:<br />
Die Inhalte dieser Website sind urheberrechtlich geschützt. Jede Nutzung ist nur nach schriftlicher Absprache gestattet. Trotz sorgfältiger inhaltlicher Kontrolle übernehme ich keine Haftung für die Inhalte externer Links. Für den Inhalt der verlinkten Seiten sind ausschließlich deren Betreiber verantwortlich. Rechtswidrige Inhalte waren zum Zeitpunkt der Verlinkung nicht erkennbar. Bei Kenntnis von Rechtsverstößen werden derartige Inhalte umgehend entfernt.</p>

<p>Responsible nach TMG und nach § 55 Abs. 2 RStV: Jasmin Bayer Nymphenburger Str. 160 80634 München E-Mail: jazz@jazzminonline.de Haftungshinweis: &hellip; <a href="https://www.jazzminonline.de/en/impressum/" class="more-link">Continue reading <span class="screen-reader-text">Imprint</span></a></p>

<!-- This site is optimized with the Yoast SEO plugin v27.5 - https://yoast.com/product/yoast-seo-wordpress/ -->
<title>Jasmin Bayer - Jazz - Impressum</title>
<meta name="description" content="Jasmin Bayer: Die Jazz-Sängerin, Komponistin und Sontexterin aus München zelebriert Straight Ahead Jazz at its best. Das Impressum der Site finden Sie hier." />
<meta name="robots" content="index, follow, max-snippet:-1, max-image-preview:large, max-video-preview:-1" />
<link rel="canonical" href="https://www.jazzminonline.de/impressum/" />
<meta property="og:locale" content="en_US" />
<meta property="og:type" content="article" />
<meta property="og:title" content="Jasmin Bayer - Jazz - Impressum" />
<meta property="og:description" content="Jasmin Bayer: Die Jazz-Sängerin, Komponistin und Sontexterin aus München zelebriert Straight Ahead Jazz at its best. Das Impressum der Site finden Sie hier." />
<meta property="og:url" content="https://www.jazzminonline.de/impressum/" />
<meta property="og:site_name" content="Jasmin Bayer" />
<meta property="article:modified_time" content="2022-10-17T16:03:25+00:00" />
<meta name="twitter:card" content="summary_large_image" />
<meta name="twitter:label1" content="Est. reading time" />
	<meta name="twitter:data1" content="9 minutes" />
<script type="application/ld+json" class="yoast-schema-graph">{"@context":"https:\/\/schema.org","@graph":[{"@type":"WebPage","@id":"https:\/\/www.jazzminonline.de\/impressum\/","url":"https:\/\/www.jazzminonline.de\/impressum\/","name":"Jasmin Bayer - Jazz - Impressum","isPartOf":{"@id":"https:\/\/www.jazzminonline.de\/en\/#website"},"datePublished":"2016-08-18T19:10:34+00:00","dateModified":"2022-10-17T16:03:25+00:00","description":"Jasmin Bayer: Die Jazz-Sängerin, Komponistin und Sontexterin aus München zelebriert Straight Ahead Jazz at its best. Das Impressum der Site finden Sie hier.","breadcrumb":{"@id":"https:\/\/www.jazzminonline.de\/impressum\/#breadcrumb"},"inLanguage":"en-US","potentialAction":[{"@type":"ReadAction","target":["https:\/\/www.jazzminonline.de\/impressum\/"]}]},{"@type":"BreadcrumbList","@id":"https:\/\/www.jazzminonline.de\/impressum\/#breadcrumb","itemListElement":[{"@type":"ListItem","position":1,"name":"Startseite","item":"https:\/\/www.jazzminonline.de\/en\/"},{"@type":"ListItem","position":2,"name":"Impressum"}]},{"@type":"WebSite","@id":"https:\/\/www.jazzminonline.de\/en\/#website","url":"https:\/\/www.jazzminonline.de\/en\/","name":"Jasmin Bayer","description":"","potentialAction":[{"@type":"SearchAction","target":{"@type":"EntryPoint","urlTemplate":"https:\/\/www.jazzminonline.de\/en\/?s={search_term_string}"},"query-input":{"@type":"PropertyValueSpecification","valueRequired":true,"valueName":"search_term_string"}}],"inLanguage":"en-US"}]}</script>
<!-- / Yoast SEO plugin. -->

Jasmin Bayer: Die Jazz-Sängerin, Komponistin und Sontexterin aus München zelebriert Straight Ahead Jazz at its best. Das Impressum der Site finden Sie hier.
